st derivative of y**2 + 6*y - 3. Determine w(r).
-6
Let o(p) be the third derivative of p**7/2520 + p**6/120 - p**5/24 + 3*p**4/8 - 8*p**2. Let y(m) be the second derivative of o(m). Calculate y(-6).
-5
Suppose -2*d + 16 = 3*b, 4*d - 1 = b + 3. Let k(g) be the second derivative of d*g**2 + 0 - 3*g + 0*g**3 - 1/12*g**4. Determine k(0).
4
Let u(k) = -62 - 2*k**3 - 2*k + 5*k**3 + k**2 + 63. Calculate u(-2).
-15
Let n(q) = q**3 - 6*q**2 - q + 1. Suppose 3*o + 3 - 21 = 0. Give n(o).
-5
Let o be -6 + 11 + 4/(-2). Let h = 3 + o. Let d(w) be the second derivative of w**5/20 - w**4/2 - 2*w. What is d(h)?
0
Let p(t) = t**3 - t**2 + t + 2. Let l be p(0). Let m(y) = -y**3 + y**2 - 4*y**3 - 2*y**l + 0*y**3 + 1. Determine m(1).
-5
Let i(o) = -2*o - 9*o**2 - 2*o + 3 + 5*o. Let p(m) = 36*m**2 - 4*m - 13. Let d(c) = -9*i(c) - 2*p(c). Suppose 0 = 4*r - 6*r - 2. Give d(r).
9
Let g(x) = x**2 - 6*x + 6. Suppose 0 = 3*q + 6, 0*f + 2 = -3*f - q. Suppose f = -4*y + 20. Suppose y = l - 1. What is g(l)?
6
Let q(f) be the first derivative of -f**4/4 - 39. Give q(1).
-1
Let n(r) = -r**2 + 3*r + 2. Let d be (-1 - -1) + -1 + 4. Calculate n(d).
2
Let d(w) = 5*w + 2. Let m(i) = -14*i - 6. Let t(h) = -11*d(h) - 4*m(h). What is t(8)?
10
Let a(x) = 2*x**3 + 3*x**2 + x - 1. Suppose -2 = 4*l - 3*l. Calculate a(l).
-7
Suppose -5*a - 3*c + 20 - 1 = 0, a = 5*c - 13. Let v = -1 + a. Let f(y) = v - y**3 + 1 + 1 + 5*y**2 - 5*y. Determine f(3).
6
Let g(n) be the first derivative of 2/3*n**3 - 1/180*n**6 + 0*n + 1/30*n**5 + 1/24*n**4 + 0*n**2 - 2. Let o(l) be the third derivative of g(l). Give o(3).
-5
Let z(k) = k. Let t(y) = 3*y + 5. Let o(d) = t(d) - 2*z(d). Calculate o(4).
9
Let f(d) = -d - d**2 + 0*d**2 + 5*d. Let t(l) be the third derivative of l**4/12 - 4*l**3/3 + 2*l**2. Let z be t(6). Calculate f(z).
0
Let b(y) = -y - 2. Let i be b(0). Let m(j) = j**3 + 2*j**2 + 2*j - 2. Determine m(i).
-6
Let x(t) be the first derivative of t**2 - 2*t + 1. Determine x(3).
4
Let a(w) = w**3 + 0*w**2 + 5*w**2 - 4*w - 3*w**2. Suppose 7*b - 30 = 2*b. Suppose -3*f - b = 3. Give a(f).
3
Let z(g) = g**2 + 5*g - 4. Let o be z(-6). Let n(f) = -f**3 + f**2 + f + 5. Let l be n(0). Let b(x) = -3*x - 2 - x + l. Calculate b(o).
-5
Let p(k) = k - 1. Let s = 44 - 52. Calculate p(s).
-9
Let t be (-15)/(1/(-6)*-2). Let q be 2*(t/6)/(-5). Let b(c) = -2*c**2 - 4*c + 2*c + 3 + 4 - q. Determine b(-3).
-8
Let x = 1 - -3. Suppose -9 = -2*p + t, 4*t - 3 + 27 = x*p. Let o(w) be the third derivative of w**4/24 - 2*w**3/3 - 3*w**2. Determine o(p).
-1
Suppose 5*n = 2*n. Let r(t) = t**2 - 3*t - 9. Let d(b) = b**2 - 4*b - 8. Let h(q) = 3*d(q) - 4*r(q). What is h(n)?
12
Let n(f) = -4*f - 2. Let b(m) = -3*m**2 + 20*m - 6. Let l(g) = -g**2 + 7*g - 2. Let r(s) = 4*b(s) - 11*l(s). Let k be r(3). What is n(k)?
6
Let a(r) = -r + 4. Let s(d) = -5*d + 17. Let g(h) = -9*a(h) + 2*s(h). Determine g(-7).
5
Let x(a) be the first derivative of -a**4/4 - 4*a**3/3 + 2*a**2 - 2*a + 1. Calculate x(-5).
3
Let q(a) = 0*a - 3*a + 23 - 4 + 2*a. Give q(9).
10
Let u(a) = 2*a**2 + 5*a + 4. Suppose 13*c = 8*c - 15. Give u(c).
7
Suppose -5*m = 1 - 11. Let a(c) = -2*c**2 + 6*c - m*c - 3*c + c - 1. Give a(2).
-5
Let j(o) be the second derivative of -o**3/6 - 5*o**2/2 - 3*o. Calculate j(-3).
-2
Suppose -6 = 3*g + 5*r, 2*r + 6 - 2 = -2*g. Let x(d) = -2*d - 3. What is x(g)?
1
Let l(w) = w**3 - w + 1. Suppose 0 = -b - 3*t + 5*t - 3, -b = -4*t + 7. Calculate l(b).
1
Let j = 21 - 19. Let f(a) = 0*a**3 + j*a + 3*a**2 + a**2 + a**3 - 6 - 6*a. Calculate f(-4).
10
Let q(w) = w**3 - 7*w**2 - 9. Let n = 13 - 6. Calculate q(n).
-9
Let g(z) = 6*z**3 + 4*z**2 - 6*z + 8. Let m(w) = w**3 - w + 1. Let r(u) = -g(u) + 5*m(u). Suppose 3 = -t, 3*f + 2*f + 4*t = -32. Calculate r(f).
-7
Let f be (-1)/(-2 + 15/9). Let s(w) = 3*w - f*w + 7*w. Give s(-1).
-7
Let z = -3 + 2. Let n = z - -3. Let k(t) = 2*t**3 - 3*t**2 + 3*t - 3. Calculate k(n).
7
Let u(t) = -t**2 + 3. Let s be ((6 - -2) + -3)*1. Suppose -29 = s*g - 9. What is u(g)?
-13
Let s(g) = 9 - 15*g**3 + 0*g + 22*g**3 + 2*g + 7*g**2 - 6*g**3. Calculate s(-7).
-5
Suppose 4*y - 5*f = 28, -y + 3*f + 11 = -3. Let j(r) = 2*r + 4*r**y + 4*r - 4*r + 1. Give j(-1).
3
Let t(f) = -f**3 - 3*f**2 + 2*f + 1. Suppose -5*b = 13*b + 36. Determine t(b).
-7
Suppose 2*w + 5*f + 17 = -w, -4*f = 3*w + 16. Let q(g) = -g**2. Let s be 2/((3/(-9))/1). Let b(k) = -4*k**2 + 7*k + 4. Let d(t) = s*q(t) + b(t). Determine d(w).
8
Suppose 2*x = 9 + 3. Suppose 4*o = 5*s + 5*o - 13, 5*o = 15. Let v(w) = -w**s - 6*w + 4 + 12*w - 2. Give v(x).
2
Let x(g) = g**2 + g. Let s(y) = 3*y**2 + 3*y. Let p(d) = -4*s(d) + 15*x(d). Let a be (-6)/(-6) - 9/3. Give p(a).
6
Let p(h) = -145*h - h**3 - 6 + 8*h**2 + 70*h + 69*h. What is p(7)?
1
Let n(q) = q + 7. Let h be (1/2)/(3/(-18)). Give n(h).
4
Let y(p) = -3*p. Let q be ((-6)/9 - 1)*-3. Suppose -2 = 4*c - q*c. Suppose c*d + 5 = -3*a, -2*a + 5*d = -0*a + 16. Calculate y(a).
9
Let s(i) = -3*i**3 + 11*i**2 + 4*i + 5. Let x(d) = 4*d**3 - 12*d**2 - 3*d - 5. Let z(a) = -5*s(a) - 4*x(a). Calculate z(-6).
7
Let x(z) = 2 - 108*z - 3 + 104*z. Let g = -3 - -1. Calculate x(g).
7
Let t(b) be the second derivative of 0 + 1/6*b**3 + b - 1/2*b**2. What is t(0)?
-1
Let c(m) = -m**3. Let q(k) = 4*k**3 + 3*k**2 + 2*k + 2. Let g(j) = -3*c(j) - q(j). Give g(-2).
-2
Let n(y) = -20*y**2 + 3*y - 23. Let t(s) = 7*s**2 - s + 8. Let b(v) = 6*n(v) + 17*t(v). Give b(3).
-8
Let r = -11 - -4. Let l = 9 + r. Let w(f) = 1 + 1 - 2*f**l - 1 - 3*f**2. Determine w(1).
-4
Let b(p) be the second derivative of p**5/24 + p**3/3 + p. Let m(d) be the second derivative of b(d). Give m(1).
5
Let o(v) = v + 10. Let u be o(-6). Let k = u + 0. Let i(h) = 3 - h**2 - k + 0 + 4*h. Give i(3).
2
Let j(f) = -5*f**3 + 5*f**2 + f + 7. Let b(w) be the first derivative of 3*w**4/2 - 5*w**3/3 - w**2/2 - 8*w - 1. Let l(p) = 6*b(p) + 7*j(p). What is l(-4)?
13
Let w be (-1)/((2/(-4))/(14/4)). Let d(o) = o**2 - 6*o - 4. What is d(w)?
3
Suppose -11 = -5*t + d, 1 = -3*t - 5*d + 2. Let r(p) = 10*p**t - 4 + 3 + 0*p**2. Give r(-1).
9
Suppose 4*j = -3*n - 2*n, -2*n = 5*j. Let u(w) = -w + 0*w + 4*w - 2*w. Let y(f) = -6*f. Let o(q) = 11*u(q) + 2*y(q). Determine o(j).
0
Let s(h) be the first derivative of -h**6/360 - h**5/120 - h**4/24 - 4*h**3/3 + 6. Let c(j) be the third derivative of s(j). What is c(0)?
-1
Let c(n) = -n**3 - 8*n**2 + 3. Let d be c(-8). Let a(r) = -3*r**2 + 4*r + 1. Calculate a(d).
-14
Let y(s) = -s - 2*s + 13*s. Determine y(-1).
-10
Let i(a) = 2*a - 8. Let j(b) = 2*b - 3. Let o(r) = 1. Let g(w) = j(w) - 6*o(w). Let p(y) = 6*g(y) - 7*i(y). Determine p(-4).
10
Let g(a) = 8*a**2 - a + 1. Let b(c) = -8*c**2 + c - 1. Let z(q) = -2*b(q) - 3*g(q). Let r = -57 - -58. Give z(r).
-8
Let v(q) = -2*q**3 + 3*q**2 - 2. Suppose 0*k - 5*k = -s - 30, -k + 4*s = 13. Let a = -5 + k. Give v(a).
-6
Let h(b) = b**2 - 5*b + 4. Let g be (0 - 1)/(-4 + 44/12). Calculate h(g).
-2
Let a be (-1)/(1 - (-21)/(-18)). Let l = 8 - a. Let x(g) = -5 + 0*g**l - g + g**3 + g**2 + 6. Calculate x(-2).
-1
Let o(d) = -d**3 + 8*d**2 + 2*d - 11. Let t be o(8). Let g(m) = -5*m - 13. Let r(w) = w + 1. Let c(j) = g(j) + 6*r(j). What is c(t)?
-2
Let v(b) be the first derivative of b**7/840 - b**6/360 + b**5/120 - b**4/6 + 2*b**3/3 - 1. Let t(m) be the third derivative of v(m). Give t(0).
-4
Let n(v) = 3*v**2 + v - 1. Let g = 5 - 3. Determine n(g).
13
Let c be 2/(-3)*(-225)/10. Suppose c = 5*r, 2*j - 1 = 2*r + 3. Let h(s) = -s + 6. Calculate h(j).
1
Let z(l) = -2*l - 7. Let v(q) = -3*q - 14. Let g(s) = 3*v(s) - 5*z(s). What is g(3)?
-4
Let g(f) = 5*f**2 + 16*f + 1. Suppose 7 = 3*w + 40. Let t(p) = p**2 + 3*p. Let h(l) = w*t(l) + 2*g(l). Let s be h(-3). Let z(v) = -v + 4. What is z(s)?
8
Let n(c) = c - 4. Let m = 7 + -2. Suppose 0*o + m = i - 2*o, -i + 5 = 3*o. Suppose -g + 1 = -i*h - 4, 25 = -2*h + 5*g. Calculate n(h).
-4
Suppose -3*s + 21 = 2*i, -s + 0*i + 8 = i. Suppose -p = -3*p + 6. Let d(t) = 7 - 8 + t**p + t - s*t**2 - t - t. Determine d(5).
-6
Let o(m) = -m**2 - 2*m + 5. Suppose 7*d - 14 = -42. Calculate o(d).
-3
Let x(s) be the third derivative of s**6/360 - s**5/120 - s**4/24 + s**3/6 - s**2. Let h(p) be the first derivative of x(p). What is h(-1)?
1
Let b be 2/6 - (-33)/9. Let a(c) = -2*c**2 - c**3 - b*c + 3*